{"id":12,"date":"2024-07-18T23:38:20","date_gmt":"2024-07-18T21:38:20","guid":{"rendered":"https:\/\/leensquad.fr\/?page_id=12"},"modified":"2024-09-11T10:40:21","modified_gmt":"2024-09-11T08:40:21","slug":"studio","status":"publish","type":"page","link":"https:\/\/leensquad.fr\/index.php\/studio\/","title":{"rendered":"Studio"},"content":{"rendered":"\t\t<div data-elementor-type=\"wp-page\" data-elementor-id=\"12\" class=\"elementor elementor-12\">\n\t\t\t\t<div class=\"elementor-element elementor-element-83d4d3a e-flex e-con-boxed e-con e-parent\" data-id=\"83d4d3a\" data-element_type=\"container\" data-e-type=\"container\" data-settings=\"{&quot;background_background&quot;:&quot;classic&quot;}\">\n\t\t\t\t\t<div class=\"e-con-inner\">\n\t\t\t\t<div class=\"elementor-element elementor-element-d0e56ec premium-adv-carousel__coverflow elementor-widget elementor-widget-premium-media-wheel\" data-id=\"d0e56ec\" data-element_type=\"widget\" data-e-type=\"widget\" data-widget_type=\"premium-media-wheel.default\">\n\t\t\t\t<div class=\"elementor-widget-container\">\n\t\t\t\t\t\t\t<div class=\"premium-adv-carousel-no-lightbox premium-adv-carousel__container\" data-settings=\"{&quot;type&quot;:&quot;coverflow&quot;,&quot;scroll&quot;:true,&quot;speed&quot;:50,&quot;pauseOnHover&quot;:true,&quot;loop&quot;:&quot;yes&quot;,&quot;autoPlay&quot;:3000,&quot;click&quot;:true,&quot;keyboard&quot;:false,&quot;touch&quot;:false,&quot;buttons&quot;:true,&quot;spacing&quot;:-0.6,&quot;start&quot;:&quot;center&quot;}\">\n\n\t\t\t<div style=\"visibility:hidden;\" class=\"premium-adv-carousel__inner-container\">\n\n\t\t\t\t<div class=\"premium-adv-carousel__items\">\n\n\t\t\t\t\t\t\t\t<div class=\"premium-adv-carousel__item-outer-wrapper\">\n\t\t\t\t<div class=\"elementor-repeater-item-23d0a00 premium-adv-carousel__item premium-adv-carousel__item-image\">\n\t\t\t\t\t<div class=\"premium-adv-carousel__media-wrap\">\n\t\t\t\t\t\t\t\t\t\t\t\t\t\t<img decoding=\"async\" src=\"https:\/\/leensquad.fr\/wp-content\/plugins\/elementor\/assets\/images\/placeholder.png\" alt=\"\" class=\"premium-adv-carousel__item-img premium-hover-effects__zoomin\">\n\t\t\t\t\t\t\t\t\t\t\t\t<\/div>\n\n\t\t\t\t\t\n\t\t\t\t\t\t\t\t\t<\/div>\n\t\t\t<\/div>\n\t\t\t\t\t\t<div class=\"premium-adv-carousel__item-outer-wrapper\">\n\t\t\t\t<div class=\"elementor-repeater-item-fd5fc41 premium-adv-carousel__item premium-adv-carousel__item-image\">\n\t\t\t\t\t<div class=\"premium-adv-carousel__media-wrap\">\n\t\t\t\t\t\t\t\t\t\t\t\t\t\t<img decoding=\"async\" src=\"https:\/\/leensquad.fr\/wp-content\/plugins\/elementor\/assets\/images\/placeholder.png\" alt=\"\" class=\"premium-adv-carousel__item-img premium-hover-effects__zoomin\">\n\t\t\t\t\t\t\t\t\t\t\t\t<\/div>\n\n\t\t\t\t\t\n\t\t\t\t\t\t\t\t\t<\/div>\n\t\t\t<\/div>\n\t\t\t\t\t\t<div class=\"premium-adv-carousel__item-outer-wrapper\">\n\t\t\t\t<div class=\"elementor-repeater-item-f137a85 premium-adv-carousel__item premium-adv-carousel__item-image\">\n\t\t\t\t\t<div class=\"premium-adv-carousel__media-wrap\">\n\t\t\t\t\t\t\t\t\t\t\t\t\t\t<img decoding=\"async\" src=\"https:\/\/leensquad.fr\/wp-content\/plugins\/elementor\/assets\/images\/placeholder.png\" alt=\"\" class=\"premium-adv-carousel__item-img premium-hover-effects__zoomin\">\n\t\t\t\t\t\t\t\t\t\t\t\t<\/div>\n\n\t\t\t\t\t\n\t\t\t\t\t\t\t\t\t<\/div>\n\t\t\t<\/div>\n\t\t\t\t\t\t<div class=\"premium-adv-carousel__item-outer-wrapper\">\n\t\t\t\t<div class=\"elementor-repeater-item-eb2b5dc premium-adv-carousel__item premium-adv-carousel__item-image\">\n\t\t\t\t\t<div class=\"premium-adv-carousel__media-wrap\">\n\t\t\t\t\t\t\t\t\t\t\t\t\t\t<img decoding=\"async\" src=\"https:\/\/leensquad.fr\/wp-content\/plugins\/elementor\/assets\/images\/placeholder.png\" alt=\"\" class=\"premium-adv-carousel__item-img premium-hover-effects__zoomin\">\n\t\t\t\t\t\t\t\t\t\t\t\t<\/div>\n\n\t\t\t\t\t\n\t\t\t\t\t\t\t\t\t<\/div>\n\t\t\t<\/div>\n\t\t\t\t\t\t<div class=\"premium-adv-carousel__item-outer-wrapper\">\n\t\t\t\t<div class=\"elementor-repeater-item-619e2ef premium-adv-carousel__item premium-adv-carousel__item-image\">\n\t\t\t\t\t<div class=\"premium-adv-carousel__media-wrap\">\n\t\t\t\t\t\t\t\t\t\t\t\t\t\t<img decoding=\"async\" src=\"https:\/\/leensquad.fr\/wp-content\/plugins\/elementor\/assets\/images\/placeholder.png\" alt=\"\" class=\"premium-adv-carousel__item-img premium-hover-effects__zoomin\">\n\t\t\t\t\t\t\t\t\t\t\t\t<\/div>\n\n\t\t\t\t\t\n\t\t\t\t\t\t\t\t\t<\/div>\n\t\t\t<\/div>\n\t\t\t\t\t\t\t\t\t\t\t<div class=\"premium-adv-carousel__icons-holder premium-adv-carousel__prev-icon\">\n\t\t\t\t\t\t\t\t<svg aria-hidden=\"true\" class=\"e-font-icon-svg e-fas-chevron-left\" viewBox=\"0 0 320 512\" xmlns=\"http:\/\/www.w3.org\/2000\/svg\"><path d=\"M34.52 239.03L228.87 44.69c9.37-9.37 24.57-9.37 33.94 0l22.67 22.67c9.36 9.36 9.37 24.52.04 33.9L131.49 256l154.02 154.75c9.34 9.38 9.32 24.54-.04 33.9l-22.67 22.67c-9.37 9.37-24.57 9.37-33.94 0L34.52 272.97c-9.37-9.37-9.37-24.57 0-33.94z\"><\/path><\/svg>\t\t\t\t\t\t\t\t<\/div>\n\t\t\t\t\t\t\t\t<div class=\"premium-adv-carousel__icons-holder premium-adv-carousel__next-icon\">\n\t\t\t\t\t\t\t\t<svg aria-hidden=\"true\" class=\"e-font-icon-svg e-fas-chevron-right\" viewBox=\"0 0 320 512\" xmlns=\"http:\/\/www.w3.org\/2000\/svg\"><path d=\"M285.476 272.971L91.132 467.314c-9.373 9.373-24.569 9.373-33.941 0l-22.667-22.667c-9.357-9.357-9.375-24.522-.04-33.901L188.505 256 34.484 101.255c-9.335-9.379-9.317-24.544.04-33.901l22.667-22.667c9.373-9.373 24.569-9.373 33.941 0L285.475 239.03c9.373 9.372 9.373 24.568.001 33.941z\"><\/path><\/svg>\t\t\t\t\t\t\t\t<\/div>\n\t\t\t\t\t\t\t\t\t\t\t<\/div>\n\t\t\t<\/div>\n\t\t<\/div>\n\t\t\t\t\t\t<\/div>\n\t\t\t\t<\/div>\n\t\t\t\t\t<\/div>\n\t\t\t\t<\/div>\n\t\t<div class=\"elementor-element elementor-element-5af3455 e-flex e-con-boxed e-con e-parent\" data-id=\"5af3455\" data-element_type=\"container\" data-e-type=\"container\" data-settings=\"{&quot;background_background&quot;:&quot;classic&quot;}\">\n\t\t\t\t\t<div class=\"e-con-inner\">\n\t\t\t\t<div class=\"elementor-element elementor-element-2edb6a5 elementor-widget elementor-widget-spacer\" data-id=\"2edb6a5\" data-element_type=\"widget\" data-e-type=\"widget\" data-widget_type=\"spacer.default\">\n\t\t\t\t<div class=\"elementor-widget-container\">\n\t\t\t\t\t\t\t<div class=\"elementor-spacer\">\n\t\t\t<div class=\"elementor-spacer-inner\"><\/div>\n\t\t<\/div>\n\t\t\t\t\t\t<\/div>\n\t\t\t\t<\/div>\n\t\t\t\t\t<\/div>\n\t\t\t\t<\/div>\n\t\t<div class=\"elementor-element elementor-element-39b1e65 e-flex e-con-boxed e-con e-parent\" data-id=\"39b1e65\" data-element_type=\"container\" data-e-type=\"container\" data-settings=\"{&quot;background_background&quot;:&quot;classic&quot;}\">\n\t\t\t\t\t<div class=\"e-con-inner\">\n\t\t\t\t<div class=\"elementor-element elementor-element-9b5936a elementor-widget elementor-widget-heading\" data-id=\"9b5936a\" data-element_type=\"widget\" data-e-type=\"widget\" data-widget_type=\"heading.default\">\n\t\t\t\t<div class=\"elementor-widget-container\">\n\t\t\t\t\t<h2 class=\"elementor-heading-title elementor-size-default\">Notre histoire <\/h2>\t\t\t\t<\/div>\n\t\t\t\t<\/div>\n\t\t\t\t\t<\/div>\n\t\t\t\t<\/div>\n\t\t<div class=\"elementor-element elementor-element-65845fb e-flex e-con-boxed e-con e-parent\" data-id=\"65845fb\" data-element_type=\"container\" data-e-type=\"container\" data-settings=\"{&quot;background_background&quot;:&quot;classic&quot;}\">\n\t\t\t\t\t<div class=\"e-con-inner\">\n\t\t\t\t<div class=\"elementor-element elementor-element-2113ae4 elementor-widget elementor-widget-spacer\" data-id=\"2113ae4\" data-element_type=\"widget\" data-e-type=\"widget\" data-widget_type=\"spacer.default\">\n\t\t\t\t<div class=\"elementor-widget-container\">\n\t\t\t\t\t\t\t<div class=\"elementor-spacer\">\n\t\t\t<div class=\"elementor-spacer-inner\"><\/div>\n\t\t<\/div>\n\t\t\t\t\t\t<\/div>\n\t\t\t\t<\/div>\n\t\t\t\t\t<\/div>\n\t\t\t\t<\/div>\n\t\t<div class=\"elementor-element elementor-element-7a35ebe e-flex e-con-boxed e-con e-parent\" data-id=\"7a35ebe\" data-element_type=\"container\" data-e-type=\"container\" data-settings=\"{&quot;background_background&quot;:&quot;classic&quot;}\">\n\t\t\t\t\t<div class=\"e-con-inner\">\n\t\t\t\t<div class=\"elementor-element elementor-element-d859754 elementor-widget elementor-widget-text-editor\" data-id=\"d859754\" data-element_type=\"widget\" data-e-type=\"widget\" data-widget_type=\"text-editor.default\">\n\t\t\t\t<div class=\"elementor-widget-container\">\n\t\t\t\t\t\t\t\t\t<div class=\"flex max-w-full flex-col flex-grow\"><div class=\"min-h-[20px] text-message flex w-full flex-col items-end gap-2 break-words [.text-message+&amp;]:mt-5 overflow-x-auto whitespace-normal\" dir=\"auto\" data-message-author-role=\"assistant\" data-message-id=\"c82a5b17-0dba-4ef0-be33-29e0144b534d\"><div class=\"flex w-full flex-col gap-1 empty:hidden first:pt-[3px]\"><div class=\"markdown prose w-full break-words dark:prose-invert dark\"><p>D\u00e9couvrez l&rsquo;histoire inspirante de notre \u00e9cole de danse \u00e0 travers notre aventure passionn\u00e9e d\u00e9di\u00e9e \u00e0 la pole dance.<\/p><p>#2013 : Lancement de notre premi\u00e8re \u00e9cole \u00e0 Fos-sur-Mer. Un petit studio \u00ab\u00a0cosy\u00a0\u00bb de 50 m\u00b2, o\u00f9 tout a commenc\u00e9.<br \/>#2015 : D\u00e9m\u00e9nagement \u00e0 Istres pour un studio deux fois plus grand, atteignant 100 m\u00b2. Nos \u00e9l\u00e8ves fid\u00e8les ont vu cet espace grandir et \u00e9voluer gr\u00e2ce \u00e0 leur soutien ind\u00e9fectible.<br \/>#2018 : Ouverture d&rsquo;une seconde \u00e9cole \u00e0 Marignane, au-dessus de la salle Bio Fitness Club, accueillant ainsi de nouvelles \u00e9l\u00e8ves pr\u00eates \u00e0 d\u00e9couvrir la pole dance.<\/p><p>Malheureusement, la crise sanitaire nous a contraints \u00e0 fermer nos portes. Cette p\u00e9riode difficile, marqu\u00e9e par la pand\u00e9mie de COVID-19, nous a pouss\u00e9s \u00e0 prendre la douloureuse d\u00e9cision de fermer notre \u00e9cole. Je tiens encore aujourd&rsquo;hui \u00e0 remercier sinc\u00e8rement toutes les \u00e9l\u00e8ves, les parents et les amis qui ont soutenu notre studio au fil des ann\u00e9es. Gr\u00e2ce \u00e0 vous, notre \u00e9cole a \u00e9t\u00e9 un v\u00e9ritable lieu d&rsquo;apprentissage, de passion et de partage autour de la pole dance.<\/p><p>C&rsquo;est avec une immense joie et une \u00e9motion particuli\u00e8re que nous vous annon\u00e7ons aujourd&rsquo;hui la renaissance de notre studio ! Nous r\u00e9ouvrons nos portes avec une ambition renouvel\u00e9e : cr\u00e9er un espace enti\u00e8rement d\u00e9di\u00e9 \u00e0 la danse et \u00e0 l&rsquo;expression artistique.<\/p><p>Notre nouveau studio propose :<\/p><p>Une diversit\u00e9 de cours pour tous les \u00e2ges et niveaux : pole dance, danse contemporaine, ballet, hip-hop, salsa et bien d&rsquo;autres !<br \/>Des instructeurs qualifi\u00e9s, passionn\u00e9s et pr\u00eats \u00e0 transmettre leur amour pour la pole dance et les disciplines artistiques.<br \/>Un environnement inspirant et bienveillant pour favoriser votre cr\u00e9ativit\u00e9 et d\u00e9velopper votre confiance en vous.<br \/>Ce lieu se veut \u00eatre un espace d\u2019entraide et de soutien, enti\u00e8rement d\u00e9di\u00e9 aux femmes, pour renforcer \u00e0 la fois votre corps et votre esprit dans une ambiance chaleureuse et solidaire.<\/p><p>Rejoignez-nous dans cette aventure et faites partie de notre nouvelle communaut\u00e9 passionn\u00e9e !<\/p><\/div><\/div><\/div><\/div>\t\t\t\t\t\t\t\t<\/div>\n\t\t\t\t<\/div>\n\t\t\t\t\t<\/div>\n\t\t\t\t<\/div>\n\t\t<div class=\"elementor-element elementor-element-41ea21a e-flex e-con-boxed e-con e-parent\" data-id=\"41ea21a\" data-element_type=\"container\" data-e-type=\"container\" data-settings=\"{&quot;background_background&quot;:&quot;classic&quot;}\">\n\t\t\t\t\t<div class=\"e-con-inner\">\n\t\t\t\t<div class=\"elementor-element elementor-element-95a64f2 elementor-widget elementor-widget-spacer\" data-id=\"95a64f2\" data-element_type=\"widget\" data-e-type=\"widget\" data-widget_type=\"spacer.default\">\n\t\t\t\t<div class=\"elementor-widget-container\">\n\t\t\t\t\t\t\t<div class=\"elementor-spacer\">\n\t\t\t<div class=\"elementor-spacer-inner\"><\/div>\n\t\t<\/div>\n\t\t\t\t\t\t<\/div>\n\t\t\t\t<\/div>\n\t\t\t\t\t<\/div>\n\t\t\t\t<\/div>\n\t\t\t\t<\/div>\n\t\t","protected":false},"excerpt":{"rendered":"<p>Notre histoire D\u00e9couvrez l&rsquo;histoire inspirante de notre \u00e9cole de danse \u00e0 travers notre aventure passionn\u00e9e d\u00e9di\u00e9e \u00e0 la pole dance. [&hellip;]<\/p>\n","protected":false},"author":1,"featured_media":0,"parent":0,"menu_order":0,"comment_status":"closed","ping_status":"closed","template":"","meta":{"site-sidebar-layout":"no-sidebar","site-content-layout":"","ast-site-content-layout":"full-width-container","site-content-style":"default","site-sidebar-style":"default","ast-global-header-display":"","ast-banner-title-visibility":"","ast-main-header-display":"","ast-hfb-above-header-display":"","ast-hfb-below-header-display":"","ast-hfb-mobile-header-display":"","site-post-title":"disabled","ast-breadcrumbs-content":"","ast-featured-img":"disabled","footer-sml-layout":"","ast-disable-related-posts":"","theme-transparent-header-meta":"","adv-header-id-meta":"","stick-header-meta":"","header-above-stick-meta":"","header-main-stick-meta":"","header-below-stick-meta":"","astra-migrate-meta-layouts":"default","ast-page-background-enabled":"default","ast-page-background-meta":{"desktop":{"background-color":"var(--ast-global-color-4)","background-image":"","background-repeat":"repeat","background-position":"center center","background-size":"auto","background-attachment":"scroll","background-type":"","background-media":"","overlay-type":"","overlay-color":"","overlay-opacity":"","overlay-gradient":""},"tablet":{"background-color":"","background-image":"","background-repeat":"repeat","background-position":"center center","background-size":"auto","background-attachment":"scroll","background-type":"","background-media":"","overlay-type":"","overlay-color":"","overlay-opacity":"","overlay-gradient":""},"mobile":{"background-color":"","background-image":"","background-repeat":"repeat","background-position":"center center","background-size":"auto","background-attachment":"scroll","background-type":"","background-media":"","overlay-type":"","overlay-color":"","overlay-opacity":"","overlay-gradient":""}},"ast-content-background-meta":{"desktop":{"background-color":"var(--ast-global-color-5)","background-image":"","background-repeat":"repeat","background-position":"center center","background-size":"auto","background-attachment":"scroll","background-type":"","background-media":"","overlay-type":"","overlay-color":"","overlay-opacity":"","overlay-gradient":""},"tablet":{"background-color":"var(--ast-global-color-5)","background-image":"","background-repeat":"repeat","background-position":"center center","background-size":"auto","background-attachment":"scroll","background-type":"","background-media":"","overlay-type":"","overlay-color":"","overlay-opacity":"","overlay-gradient":""},"mobile":{"background-color":"var(--ast-global-color-5)","background-image":"","background-repeat":"repeat","background-position":"center center","background-size":"auto","background-attachment":"scroll","background-type":"","background-media":"","overlay-type":"","overlay-color":"","overlay-opacity":"","overlay-gradient":""}},"footnotes":""},"class_list":["post-12","page","type-page","status-publish","hentry"],"yoast_head":"<!-- This site is optimized with the Yoast SEO plugin v27.4 - https:\/\/yoast.com\/product\/yoast-seo-wordpress\/ -->\n<title>Leensquad Studio - \u00c9cole de Pole Dance<\/title>\n<meta name=\"description\" content=\"D\u00e9couvrez Leensquad Studio, votre \u00e9cole de danse artistique situ\u00e9e \u00e0 Istres, dans les Bouches-du-Rh\u00f4ne. Venez danser avec nous !\" \/>\n<meta name=\"robots\" content=\"index, follow, max-snippet:-1, max-image-preview:large, max-video-preview:-1\" \/>\n<link rel=\"canonical\" href=\"https:\/\/leensquad.fr\/index.php\/studio\/\" \/>\n<meta property=\"og:locale\" content=\"fr_FR\" \/>\n<meta property=\"og:type\" content=\"article\" \/>\n<meta property=\"og:title\" content=\"Leensquad Studio - \u00c9cole de Pole Dance\" \/>\n<meta property=\"og:description\" content=\"D\u00e9couvrez Leensquad Studio, votre \u00e9cole de danse artistique situ\u00e9e \u00e0 Istres, dans les Bouches-du-Rh\u00f4ne. Venez danser avec nous !\" \/>\n<meta property=\"og:url\" content=\"https:\/\/leensquad.fr\/index.php\/studio\/\" \/>\n<meta property=\"og:site_name\" content=\"Leensquad.fr\" \/>\n<meta property=\"article:publisher\" content=\"https:\/\/www.facebook.com\/profile.php?id=100046182776447\" \/>\n<meta property=\"article:modified_time\" content=\"2024-09-11T08:40:21+00:00\" \/>\n<meta name=\"twitter:card\" content=\"summary_large_image\" \/>\n<meta name=\"twitter:label1\" content=\"Dur\u00e9e de lecture estim\u00e9e\" \/>\n\t<meta name=\"twitter:data1\" content=\"3 minutes\" \/>\n<script type=\"application\/ld+json\" class=\"yoast-schema-graph\">{\"@context\":\"https:\\\/\\\/schema.org\",\"@graph\":[{\"@type\":\"WebPage\",\"@id\":\"https:\\\/\\\/leensquad.fr\\\/index.php\\\/studio\\\/\",\"url\":\"https:\\\/\\\/leensquad.fr\\\/index.php\\\/studio\\\/\",\"name\":\"Leensquad Studio - \u00c9cole de Pole Dance\",\"isPartOf\":{\"@id\":\"https:\\\/\\\/leensquad.fr\\\/#website\"},\"datePublished\":\"2024-07-18T21:38:20+00:00\",\"dateModified\":\"2024-09-11T08:40:21+00:00\",\"description\":\"D\u00e9couvrez Leensquad Studio, votre \u00e9cole de danse artistique situ\u00e9e \u00e0 Istres, dans les Bouches-du-Rh\u00f4ne. Venez danser avec nous !\",\"breadcrumb\":{\"@id\":\"https:\\\/\\\/leensquad.fr\\\/index.php\\\/studio\\\/#breadcrumb\"},\"inLanguage\":\"fr-FR\",\"potentialAction\":[{\"@type\":\"ReadAction\",\"target\":[\"https:\\\/\\\/leensquad.fr\\\/index.php\\\/studio\\\/\"]}]},{\"@type\":\"BreadcrumbList\",\"@id\":\"https:\\\/\\\/leensquad.fr\\\/index.php\\\/studio\\\/#breadcrumb\",\"itemListElement\":[{\"@type\":\"ListItem\",\"position\":1,\"name\":\"Accueil\",\"item\":\"https:\\\/\\\/leensquad.fr\\\/\"},{\"@type\":\"ListItem\",\"position\":2,\"name\":\"Studio\"}]},{\"@type\":\"WebSite\",\"@id\":\"https:\\\/\\\/leensquad.fr\\\/#website\",\"url\":\"https:\\\/\\\/leensquad.fr\\\/\",\"name\":\"Leensquad.fr\",\"description\":\"Un site utilisant WordPress\",\"publisher\":{\"@id\":\"https:\\\/\\\/leensquad.fr\\\/#organization\"},\"potentialAction\":[{\"@type\":\"SearchAction\",\"target\":{\"@type\":\"EntryPoint\",\"urlTemplate\":\"https:\\\/\\\/leensquad.fr\\\/?s={search_term_string}\"},\"query-input\":{\"@type\":\"PropertyValueSpecification\",\"valueRequired\":true,\"valueName\":\"search_term_string\"}}],\"inLanguage\":\"fr-FR\"},{\"@type\":\"Organization\",\"@id\":\"https:\\\/\\\/leensquad.fr\\\/#organization\",\"name\":\"Leensquad.fr\",\"url\":\"https:\\\/\\\/leensquad.fr\\\/\",\"logo\":{\"@type\":\"ImageObject\",\"inLanguage\":\"fr-FR\",\"@id\":\"https:\\\/\\\/leensquad.fr\\\/#\\\/schema\\\/logo\\\/image\\\/\",\"url\":\"https:\\\/\\\/leensquad.fr\\\/wp-content\\\/uploads\\\/2024\\\/07\\\/Logo-leensquad.png\",\"contentUrl\":\"https:\\\/\\\/leensquad.fr\\\/wp-content\\\/uploads\\\/2024\\\/07\\\/Logo-leensquad.png\",\"width\":543,\"height\":225,\"caption\":\"Leensquad.fr\"},\"image\":{\"@id\":\"https:\\\/\\\/leensquad.fr\\\/#\\\/schema\\\/logo\\\/image\\\/\"},\"sameAs\":[\"https:\\\/\\\/www.facebook.com\\\/profile.php?id=100046182776447\",\"https:\\\/\\\/www.instagram.com\\\/leensquadstudio_\\\/\"]}]}<\/script>\n<!-- \/ Yoast SEO plugin. -->","yoast_head_json":{"title":"Leensquad Studio - \u00c9cole de Pole Dance","description":"D\u00e9couvrez Leensquad Studio, votre \u00e9cole de danse artistique situ\u00e9e \u00e0 Istres, dans les Bouches-du-Rh\u00f4ne. Venez danser avec nous !","robots":{"index":"index","follow":"follow","max-snippet":"max-snippet:-1","max-image-preview":"max-image-preview:large","max-video-preview":"max-video-preview:-1"},"canonical":"https:\/\/leensquad.fr\/index.php\/studio\/","og_locale":"fr_FR","og_type":"article","og_title":"Leensquad Studio - \u00c9cole de Pole Dance","og_description":"D\u00e9couvrez Leensquad Studio, votre \u00e9cole de danse artistique situ\u00e9e \u00e0 Istres, dans les Bouches-du-Rh\u00f4ne. Venez danser avec nous !","og_url":"https:\/\/leensquad.fr\/index.php\/studio\/","og_site_name":"Leensquad.fr","article_publisher":"https:\/\/www.facebook.com\/profile.php?id=100046182776447","article_modified_time":"2024-09-11T08:40:21+00:00","twitter_card":"summary_large_image","twitter_misc":{"Dur\u00e9e de lecture estim\u00e9e":"3 minutes"},"schema":{"@context":"https:\/\/schema.org","@graph":[{"@type":"WebPage","@id":"https:\/\/leensquad.fr\/index.php\/studio\/","url":"https:\/\/leensquad.fr\/index.php\/studio\/","name":"Leensquad Studio - \u00c9cole de Pole Dance","isPartOf":{"@id":"https:\/\/leensquad.fr\/#website"},"datePublished":"2024-07-18T21:38:20+00:00","dateModified":"2024-09-11T08:40:21+00:00","description":"D\u00e9couvrez Leensquad Studio, votre \u00e9cole de danse artistique situ\u00e9e \u00e0 Istres, dans les Bouches-du-Rh\u00f4ne. Venez danser avec nous !","breadcrumb":{"@id":"https:\/\/leensquad.fr\/index.php\/studio\/#breadcrumb"},"inLanguage":"fr-FR","potentialAction":[{"@type":"ReadAction","target":["https:\/\/leensquad.fr\/index.php\/studio\/"]}]},{"@type":"BreadcrumbList","@id":"https:\/\/leensquad.fr\/index.php\/studio\/#breadcrumb","itemListElement":[{"@type":"ListItem","position":1,"name":"Accueil","item":"https:\/\/leensquad.fr\/"},{"@type":"ListItem","position":2,"name":"Studio"}]},{"@type":"WebSite","@id":"https:\/\/leensquad.fr\/#website","url":"https:\/\/leensquad.fr\/","name":"Leensquad.fr","description":"Un site utilisant WordPress","publisher":{"@id":"https:\/\/leensquad.fr\/#organization"},"potentialAction":[{"@type":"SearchAction","target":{"@type":"EntryPoint","urlTemplate":"https:\/\/leensquad.fr\/?s={search_term_string}"},"query-input":{"@type":"PropertyValueSpecification","valueRequired":true,"valueName":"search_term_string"}}],"inLanguage":"fr-FR"},{"@type":"Organization","@id":"https:\/\/leensquad.fr\/#organization","name":"Leensquad.fr","url":"https:\/\/leensquad.fr\/","logo":{"@type":"ImageObject","inLanguage":"fr-FR","@id":"https:\/\/leensquad.fr\/#\/schema\/logo\/image\/","url":"https:\/\/leensquad.fr\/wp-content\/uploads\/2024\/07\/Logo-leensquad.png","contentUrl":"https:\/\/leensquad.fr\/wp-content\/uploads\/2024\/07\/Logo-leensquad.png","width":543,"height":225,"caption":"Leensquad.fr"},"image":{"@id":"https:\/\/leensquad.fr\/#\/schema\/logo\/image\/"},"sameAs":["https:\/\/www.facebook.com\/profile.php?id=100046182776447","https:\/\/www.instagram.com\/leensquadstudio_\/"]}]}},"jetpack_sharing_enabled":true,"_links":{"self":[{"href":"https:\/\/leensquad.fr\/index.php\/wp-json\/wp\/v2\/pages\/12","targetHints":{"allow":["GET"]}}],"collection":[{"href":"https:\/\/leensquad.fr\/index.php\/wp-json\/wp\/v2\/pages"}],"about":[{"href":"https:\/\/leensquad.fr\/index.php\/wp-json\/wp\/v2\/types\/page"}],"author":[{"embeddable":true,"href":"https:\/\/leensquad.fr\/index.php\/wp-json\/wp\/v2\/users\/1"}],"replies":[{"embeddable":true,"href":"https:\/\/leensquad.fr\/index.php\/wp-json\/wp\/v2\/comments?post=12"}],"version-history":[{"count":25,"href":"https:\/\/leensquad.fr\/index.php\/wp-json\/wp\/v2\/pages\/12\/revisions"}],"predecessor-version":[{"id":629,"href":"https:\/\/leensquad.fr\/index.php\/wp-json\/wp\/v2\/pages\/12\/revisions\/629"}],"wp:attachment":[{"href":"https:\/\/leensquad.fr\/index.php\/wp-json\/wp\/v2\/media?parent=12"}],"curies":[{"name":"wp","href":"https:\/\/api.w.org\/{rel}","templated":true}]}}